{"id":33,"date":"2020-05-13T10:00:29","date_gmt":"2020-05-13T09:00:29","guid":{"rendered":"http:\/\/rabe-nelte-kanzlei.eu\/?page_id=33"},"modified":"2020-05-13T10:33:19","modified_gmt":"2020-05-13T09:33:19","slug":"__trashed","status":"publish","type":"page","link":"https:\/\/anwalt-rabe.de\/?page_id=33","title":{"rendered":"Rechtsgebiet"},"content":{"rendered":"\n<h4 class=\"wp-block-heading\"><strong>Ausl\u00e4nderrecht<\/strong><\/h4>\n\n\n\n<p>Ben\u00f6tigen Sie Hilfe bei der Verl\u00e4ngerung Ihrer Aufenthaltserlaubnis? M\u00f6chten Sie die Niederlassungserlaubnis oder die deutsche Staatsb\u00fcrgerschaft beantragen? Oder wurde Ihr Visum oder das Visum zur Familienzusammenf\u00fchrung abgelehnt? Suchen Sie Informationen zur Einwanderung von Fachkr\u00e4ften?<\/p>\n\n\n\n<p>F\u00fcr diese und viele andere Fragen stehe ich Ihnen als fachkundige Ansprechpartnerin zur Verf\u00fcgung. Ich vertrete Ihre Interessen gegen\u00fcber Beh\u00f6rden und Gerichten deutschlandweit.<\/p>\n\n\n\n<p>Auf dem Gebiet des Ausl\u00e4nderrechts berate ich Sie gerne im Einzelnen zu folgenden Themen:<\/p>\n\n\n\n<ul class=\"wp-block-list\"><li>Duldung\/Duldung \u201elight\u201c<\/li><li>Ausbildungsduldung<\/li><li>Besch\u00e4ftigungserlaubnis<\/li><li>Beantragung und Verl\u00e4ngerung von Aufenthaltstiteln<\/li><li>Aufenthalt zum Studium<\/li><li>Aufenthalt zur Anerkennung ausl\u00e4ndischer Berufsqualifikationen, zur Arbeitssuche oder zum Spracherwerb<\/li><li>Beschleunigte Fachkr\u00e4fteverfahren<\/li><li>Arbeitsmigration nach dem Fachkr\u00e4fteeinwanderungsgesetz<\/li><li>Niederlassungserlaubnis<\/li><li>Visumsverfahren zur Familienzusammenf\u00fchrung (Kindernachzug, Ehegattennachzug, Nachzug sorgeberechtigte Elternteile, Nachzug sonstiger Familienangeh\u00f6riger)<\/li><li>Gesch\u00e4ftsvisum, Schengen- und Nationale Visa<\/li><li>Arbeitserlaubnis<\/li><li>Umverteilung<\/li><li>Einb\u00fcrgerungsverfahren<\/li><li>EU-Freiz\u00fcgigkeit f\u00fcr Unionsb\u00fcrger und Ihre Angeh\u00f6rigen<\/li><li>Aufenthaltsrecht f\u00fcr t\u00fcrkische Arbeitnehmer (ARB 1\/80)<\/li><li>AusweisungenAusl\u00e4nderrecht<\/li><\/ul>\n\n\n\n<p>Gerne helfe ich Ihnen auch weiter im Anh\u00f6rungsverfahren oder im Widerspruchsverfahren gegen\u00fcber der Ausl\u00e4nderbeh\u00f6rde oder unterst\u00fctze Sie im gerichtlichen Verfahren gegen\u00fcber dem Verwaltungsgericht.<\/p>\n\n\n\n<h4 class=\"wp-block-heading\"><strong>Asylrecht<\/strong><\/h4>\n\n\n\n<p>Gerne berate ich Sie auch w\u00e4hrend Ihres Asylverfahrens. Ich bin Ihnen bei der pers\u00f6nlichen Antragstellung behilflich und bereite Sie auf die pers\u00f6nliche Anh\u00f6rung vor. Sollte eine ablehnend Entscheidung ergangen sein, pr\u00fcfe ich f\u00fcr Sie m\u00f6gliche Rechtsmittel und lege diese bei Gericht ein.<\/p>\n\n\n\n<p>Im Einzelnen helfe ich Ihnen gerne weiter<\/p>\n\n\n\n<ul class=\"wp-block-list\"><li>im Asylverfahren<\/li><li>im Asylfolgeverfahren<\/li><li>im Wiederaufnahmeverfahren<\/li><li>im Dublinverfahren<\/li><li>im Widerrufsverfahren<\/li><\/ul>\n\n\n\n<p><\/p>\n","protected":false},"excerpt":{"rendered":"<p>Ausl\u00e4nderrecht Ben\u00f6tigen Sie Hilfe bei der Verl\u00e4ngerung Ihrer Aufenthaltserlaubnis? M\u00f6chten Sie die Niederlassungserlaubnis oder die deutsche Staatsb\u00fcrgerschaft beantragen? Oder wurde Ihr Visum oder das Visum zur Familienzusammenf\u00fchrung abgelehnt? Suchen Sie Informationen zur Einwanderung von Fachkr\u00e4ften? F\u00fcr diese und viele andere Fragen stehe ich Ihnen als fachkundige Ansprechpartnerin zur Verf\u00fcgung. Ich vertrete Ihre Interessen gegen\u00fcber Beh\u00f6rden&hellip; <\/p>\n","protected":false},"author":1,"featured_media":110,"parent":0,"menu_order":0,"comment_status":"closed","ping_status":"closed","template":"","meta":{"footnotes":""},"class_list":["post-33","page","type-page","status-publish","has-post-thumbnail","hentry"],"yoast_head":"<!-- This site is optimized with the Yoast SEO plugin v27.6 - https:\/\/yoast.com\/product\/yoast-seo-wordpress\/ -->\n<title>Rechtsgebiet - Rechtsanw\u00e4ltin Beate Rabe<\/title>\n<meta name=\"robots\" content=\"index, follow, max-snippet:-1, max-image-preview:large, max-video-preview:-1\" \/>\n<link rel=\"canonical\" href=\"https:\/\/anwalt-rabe.de\/?page_id=33\" \/>\n<meta property=\"og:locale\" content=\"de_DE\" \/>\n<meta property=\"og:type\" content=\"article\" \/>\n<meta property=\"og:title\" content=\"Rechtsgebiet - Rechtsanw\u00e4ltin Beate Rabe\" \/>\n<meta property=\"og:description\" content=\"Ausl\u00e4nderrecht Ben\u00f6tigen Sie Hilfe bei der Verl\u00e4ngerung Ihrer Aufenthaltserlaubnis? M\u00f6chten Sie die Niederlassungserlaubnis oder die deutsche Staatsb\u00fcrgerschaft beantragen? Oder wurde Ihr Visum oder das Visum zur Familienzusammenf\u00fchrung abgelehnt? Suchen Sie Informationen zur Einwanderung von Fachkr\u00e4ften? F\u00fcr diese und viele andere Fragen stehe ich Ihnen als fachkundige Ansprechpartnerin zur Verf\u00fcgung. Ich vertrete Ihre Interessen gegen\u00fcber Beh\u00f6rden&hellip;\" \/>\n<meta property=\"og:url\" content=\"https:\/\/anwalt-rabe.de\/?page_id=33\" \/>\n<meta property=\"og:site_name\" content=\"Rechtsanw\u00e4ltin Beate Rabe\" \/>\n<meta property=\"article:modified_time\" content=\"2020-05-13T09:33:19+00:00\" \/>\n<meta property=\"og:image\" content=\"https:\/\/anwalt-rabe.de\/wp-content\/uploads\/2020\/05\/book-shelves-book-stack-bookcase-books-scaled-1.jpg\" \/>\n\t<meta property=\"og:image:width\" content=\"600\" \/>\n\t<meta property=\"og:image:height\" content=\"400\" \/>\n\t<meta property=\"og:image:type\" content=\"image\/jpeg\" \/>\n<meta name=\"twitter:card\" content=\"summary_large_image\" \/>\n<meta name=\"twitter:label1\" content=\"Gesch\u00e4tzte Lesezeit\" \/>\n\t<meta name=\"twitter:data1\" content=\"1\u00a0Minute\" \/>\n<script type=\"application\/ld+json\" class=\"yoast-schema-graph\">{\"@context\":\"https:\\\/\\\/schema.org\",\"@graph\":[{\"@type\":\"WebPage\",\"@id\":\"https:\\\/\\\/anwalt-rabe.de\\\/?page_id=33\",\"url\":\"https:\\\/\\\/anwalt-rabe.de\\\/?page_id=33\",\"name\":\"Rechtsgebiet - Rechtsanw\u00e4ltin Beate Rabe\",\"isPartOf\":{\"@id\":\"https:\\\/\\\/anwalt-rabe.de\\\/#website\"},\"primaryImageOfPage\":{\"@id\":\"https:\\\/\\\/anwalt-rabe.de\\\/?page_id=33#primaryimage\"},\"image\":{\"@id\":\"https:\\\/\\\/anwalt-rabe.de\\\/?page_id=33#primaryimage\"},\"thumbnailUrl\":\"https:\\\/\\\/anwalt-rabe.de\\\/wp-content\\\/uploads\\\/2020\\\/05\\\/book-shelves-book-stack-bookcase-books-scaled-1.jpg\",\"datePublished\":\"2020-05-13T09:00:29+00:00\",\"dateModified\":\"2020-05-13T09:33:19+00:00\",\"breadcrumb\":{\"@id\":\"https:\\\/\\\/anwalt-rabe.de\\\/?page_id=33#breadcrumb\"},\"inLanguage\":\"de\",\"potentialAction\":[{\"@type\":\"ReadAction\",\"target\":[\"https:\\\/\\\/anwalt-rabe.de\\\/?page_id=33\"]}]},{\"@type\":\"ImageObject\",\"inLanguage\":\"de\",\"@id\":\"https:\\\/\\\/anwalt-rabe.de\\\/?page_id=33#primaryimage\",\"url\":\"https:\\\/\\\/anwalt-rabe.de\\\/wp-content\\\/uploads\\\/2020\\\/05\\\/book-shelves-book-stack-bookcase-books-scaled-1.jpg\",\"contentUrl\":\"https:\\\/\\\/anwalt-rabe.de\\\/wp-content\\\/uploads\\\/2020\\\/05\\\/book-shelves-book-stack-bookcase-books-scaled-1.jpg\",\"width\":600,\"height\":400},{\"@type\":\"BreadcrumbList\",\"@id\":\"https:\\\/\\\/anwalt-rabe.de\\\/?page_id=33#breadcrumb\",\"itemListElement\":[{\"@type\":\"ListItem\",\"position\":1,\"name\":\"Startseite\",\"item\":\"https:\\\/\\\/anwalt-rabe.de\\\/\"},{\"@type\":\"ListItem\",\"position\":2,\"name\":\"Rechtsgebiet\"}]},{\"@type\":\"WebSite\",\"@id\":\"https:\\\/\\\/anwalt-rabe.de\\\/#website\",\"url\":\"https:\\\/\\\/anwalt-rabe.de\\\/\",\"name\":\"Rechtsanw\u00e4ltin Beate Rabe\",\"description\":\"Rechtsanwaltskanzlei Rabe Nelte Wiesbaden\",\"publisher\":{\"@id\":\"https:\\\/\\\/anwalt-rabe.de\\\/#organization\"},\"potentialAction\":[{\"@type\":\"SearchAction\",\"target\":{\"@type\":\"EntryPoint\",\"urlTemplate\":\"https:\\\/\\\/anwalt-rabe.de\\\/?s={search_term_string}\"},\"query-input\":{\"@type\":\"PropertyValueSpecification\",\"valueRequired\":true,\"valueName\":\"search_term_string\"}}],\"inLanguage\":\"de\"},{\"@type\":\"Organization\",\"@id\":\"https:\\\/\\\/anwalt-rabe.de\\\/#organization\",\"name\":\"Rechtsanw\u00e4ltin Beate Rabe\",\"url\":\"https:\\\/\\\/anwalt-rabe.de\\\/\",\"logo\":{\"@type\":\"ImageObject\",\"inLanguage\":\"de\",\"@id\":\"https:\\\/\\\/anwalt-rabe.de\\\/#\\\/schema\\\/logo\\\/image\\\/\",\"url\":\"https:\\\/\\\/anwalt-rabe.de\\\/wp-content\\\/uploads\\\/2020\\\/05\\\/Family-2-e1589318976816.jpg\",\"contentUrl\":\"https:\\\/\\\/anwalt-rabe.de\\\/wp-content\\\/uploads\\\/2020\\\/05\\\/Family-2-e1589318976816.jpg\",\"width\":600,\"height\":400,\"caption\":\"Rechtsanw\u00e4ltin Beate Rabe\"},\"image\":{\"@id\":\"https:\\\/\\\/anwalt-rabe.de\\\/#\\\/schema\\\/logo\\\/image\\\/\"}}]}<\/script>\n<!-- \/ Yoast SEO plugin. -->","yoast_head_json":{"title":"Rechtsgebiet - Rechtsanw\u00e4ltin Beate Rabe","robots":{"index":"index","follow":"follow","max-snippet":"max-snippet:-1","max-image-preview":"max-image-preview:large","max-video-preview":"max-video-preview:-1"},"canonical":"https:\/\/anwalt-rabe.de\/?page_id=33","og_locale":"de_DE","og_type":"article","og_title":"Rechtsgebiet - Rechtsanw\u00e4ltin Beate Rabe","og_description":"Ausl\u00e4nderrecht Ben\u00f6tigen Sie Hilfe bei der Verl\u00e4ngerung Ihrer Aufenthaltserlaubnis? M\u00f6chten Sie die Niederlassungserlaubnis oder die deutsche Staatsb\u00fcrgerschaft beantragen? Oder wurde Ihr Visum oder das Visum zur Familienzusammenf\u00fchrung abgelehnt? Suchen Sie Informationen zur Einwanderung von Fachkr\u00e4ften? F\u00fcr diese und viele andere Fragen stehe ich Ihnen als fachkundige Ansprechpartnerin zur Verf\u00fcgung. Ich vertrete Ihre Interessen gegen\u00fcber Beh\u00f6rden&hellip;","og_url":"https:\/\/anwalt-rabe.de\/?page_id=33","og_site_name":"Rechtsanw\u00e4ltin Beate Rabe","article_modified_time":"2020-05-13T09:33:19+00:00","og_image":[{"width":600,"height":400,"url":"https:\/\/anwalt-rabe.de\/wp-content\/uploads\/2020\/05\/book-shelves-book-stack-bookcase-books-scaled-1.jpg","type":"image\/jpeg"}],"twitter_card":"summary_large_image","twitter_misc":{"Gesch\u00e4tzte Lesezeit":"1\u00a0Minute"},"schema":{"@context":"https:\/\/schema.org","@graph":[{"@type":"WebPage","@id":"https:\/\/anwalt-rabe.de\/?page_id=33","url":"https:\/\/anwalt-rabe.de\/?page_id=33","name":"Rechtsgebiet - Rechtsanw\u00e4ltin Beate Rabe","isPartOf":{"@id":"https:\/\/anwalt-rabe.de\/#website"},"primaryImageOfPage":{"@id":"https:\/\/anwalt-rabe.de\/?page_id=33#primaryimage"},"image":{"@id":"https:\/\/anwalt-rabe.de\/?page_id=33#primaryimage"},"thumbnailUrl":"https:\/\/anwalt-rabe.de\/wp-content\/uploads\/2020\/05\/book-shelves-book-stack-bookcase-books-scaled-1.jpg","datePublished":"2020-05-13T09:00:29+00:00","dateModified":"2020-05-13T09:33:19+00:00","breadcrumb":{"@id":"https:\/\/anwalt-rabe.de\/?page_id=33#breadcrumb"},"inLanguage":"de","potentialAction":[{"@type":"ReadAction","target":["https:\/\/anwalt-rabe.de\/?page_id=33"]}]},{"@type":"ImageObject","inLanguage":"de","@id":"https:\/\/anwalt-rabe.de\/?page_id=33#primaryimage","url":"https:\/\/anwalt-rabe.de\/wp-content\/uploads\/2020\/05\/book-shelves-book-stack-bookcase-books-scaled-1.jpg","contentUrl":"https:\/\/anwalt-rabe.de\/wp-content\/uploads\/2020\/05\/book-shelves-book-stack-bookcase-books-scaled-1.jpg","width":600,"height":400},{"@type":"BreadcrumbList","@id":"https:\/\/anwalt-rabe.de\/?page_id=33#breadcrumb","itemListElement":[{"@type":"ListItem","position":1,"name":"Startseite","item":"https:\/\/anwalt-rabe.de\/"},{"@type":"ListItem","position":2,"name":"Rechtsgebiet"}]},{"@type":"WebSite","@id":"https:\/\/anwalt-rabe.de\/#website","url":"https:\/\/anwalt-rabe.de\/","name":"Rechtsanw\u00e4ltin Beate Rabe","description":"Rechtsanwaltskanzlei Rabe Nelte Wiesbaden","publisher":{"@id":"https:\/\/anwalt-rabe.de\/#organization"},"potentialAction":[{"@type":"SearchAction","target":{"@type":"EntryPoint","urlTemplate":"https:\/\/anwalt-rabe.de\/?s={search_term_string}"},"query-input":{"@type":"PropertyValueSpecification","valueRequired":true,"valueName":"search_term_string"}}],"inLanguage":"de"},{"@type":"Organization","@id":"https:\/\/anwalt-rabe.de\/#organization","name":"Rechtsanw\u00e4ltin Beate Rabe","url":"https:\/\/anwalt-rabe.de\/","logo":{"@type":"ImageObject","inLanguage":"de","@id":"https:\/\/anwalt-rabe.de\/#\/schema\/logo\/image\/","url":"https:\/\/anwalt-rabe.de\/wp-content\/uploads\/2020\/05\/Family-2-e1589318976816.jpg","contentUrl":"https:\/\/anwalt-rabe.de\/wp-content\/uploads\/2020\/05\/Family-2-e1589318976816.jpg","width":600,"height":400,"caption":"Rechtsanw\u00e4ltin Beate Rabe"},"image":{"@id":"https:\/\/anwalt-rabe.de\/#\/schema\/logo\/image\/"}}]}},"_links":{"self":[{"href":"https:\/\/anwalt-rabe.de\/index.php?rest_route=\/wp\/v2\/pages\/33","targetHints":{"allow":["GET"]}}],"collection":[{"href":"https:\/\/anwalt-rabe.de\/index.php?rest_route=\/wp\/v2\/pages"}],"about":[{"href":"https:\/\/anwalt-rabe.de\/index.php?rest_route=\/wp\/v2\/types\/page"}],"author":[{"embeddable":true,"href":"https:\/\/anwalt-rabe.de\/index.php?rest_route=\/wp\/v2\/users\/1"}],"replies":[{"embeddable":true,"href":"https:\/\/anwalt-rabe.de\/index.php?rest_route=%2Fwp%2Fv2%2Fcomments&post=33"}],"version-history":[{"count":3,"href":"https:\/\/anwalt-rabe.de\/index.php?rest_route=\/wp\/v2\/pages\/33\/revisions"}],"predecessor-version":[{"id":100,"href":"https:\/\/anwalt-rabe.de\/index.php?rest_route=\/wp\/v2\/pages\/33\/revisions\/100"}],"wp:featuredmedia":[{"embeddable":true,"href":"https:\/\/anwalt-rabe.de\/index.php?rest_route=\/wp\/v2\/media\/110"}],"wp:attachment":[{"href":"https:\/\/anwalt-rabe.de\/index.php?rest_route=%2Fwp%2Fv2%2Fmedia&parent=33"}],"curies":[{"name":"wp","href":"https:\/\/api.w.org\/{rel}","templated":true}]}}